374 is divided by 13.
10
What is the remainder when 84 is divided by 21?
0
What is the remainder when 699 is divided by 8?
3
Calculate the remainder when 42 is divided by 10.
2
What is the remainder when 279 is divided by 183?
96
What is the remainder when 984 is divided by 255?
219
Calculate the remainder when 1918 is divided by 160.
158
Calculate the remainder when 4107 is divided by 1366.
9
What is the remainder when 158 is divided by 19?
6
Calculate the remainder when 753 is divided by 9.
6
Calculate the remainder when 206 is divided by 18.
8
What is the remainder when 60 is divided by 16?
12
What is the remainder when 330 is divided by 50?
30
What is the remainder when 266 is divided by 34?
28
Calculate the remainder when 288 is divided by 132.
24
What is the remainder when 375 is divided by 7?
4
Calculate the remainder when 52 is divided by 17.
1
Calculate the remainder when 10 is divided by 7.
3
Calculate the remainder when 519 is divided by 58.
55
What is the remainder when 247 is divided by 81?
4
Calculate the remainder when 67 is divided by 8.
3
What is the remainder when 56 is divided by 10?
6
What is the remainder when 274 is divided by 148?
126
What is the remainder when 1113 is divided by 138?
9
Calculate the remainder when 240 is divided by 55.
20
What is the remainder when 400 is divided by 13?
10
What is the remainder when 35 is divided by 21?
14
Calculate the remainder when 2700 is divided by 73.
72
Calculate the remainder when 1650 is divided by 4.
2
What is the remainder when 709 is divided by 189?
142
What is the remainder when 3107 is divided by 8?
3
Calculate the remainder when 6727 is divided by 53.
49
Calculate the remainder when 299 is divided by 273.
26
Calculate the remainder when 105 is divided by 83.
22
Calculate the remainder when 108 is divided by 37.
34
What is the remainder when 946 is divided by 31?
16
Calculate the remainder when 8981 is divided by 43.
37
What is the remainder when 83 is divided by 17?
15
What is the remainder when 68 is divided by 39?
29
What is the remainder when 38 is divided by 8?
6
Calculate the remainder when 113 is divided by 58.
55
What is the remainder when 716 is divided by 353?
10
Calculate the remainder when 2238 is divided by 83.
80
What is the remainder when 16903 is divided by 23?
21
What is the remainder when 20 is divided by 10?
0
What is the remainder when 69 is divided by 20?
9
What is the remainder when 1265 is divided by 117?
95
Calculate the remainder when 4893 is divided by 19.
10
Calculate the remainder when 2687 is divided by 96.
95
What is the remainder when 66 is divided by 37?
29
Calculate the remainder when 4942 is divided by 17.
12
Calculate the remainder when 46 is divided by 16.
14
Calculate the remainder when 374 is divided by 14.
10
Calculate the remainder when 84 is divided by 36.
12
What is the remainder when 430 is divided by 26?
14
Calculate the remainder when 77 is divided by 10.
7
What is the remainder when 306 is divided by 72?
18
Calculate the remainder when 784 is divided by 210.
154
Calculate the remainder when 1089 is divided by 39.
36
Calculate the remainder when 106810 is divided by 46.
44
Calculate the remainder when 717 is divided by 104.
93
What is the remainder when 220 is divided by 98?
24
Calculate the remainder when 1724 is divided by 18.
14
What is the remainder when 4306 is divided by 37?
14
What is the remainder when 43 is divided by 27?
16
What is the remainder when 259 is divided by 24?
19
Calculate the remainder when 170 is divided by 22.
16
What is the remainder when 7334 is divided by 28?
26
Calculate the remainder when 1644 is divided by 36.
24
What is the remainder when 374 is divided by 14?
10
What is the remainder when 1039 is divided by 4?
3
Calculate the remainder when 79 is divided by 41.
38
What is the remainder when 474 is divided by 61?
47
What is the remainder when 5813 is divided by 153?
152
Calculate the remainder when 161 is divided by 79.
3
Calculate the remainder when 281 is divided by 73.
62
What is the remainder when 58 is divided by 52?
6
Calculate the remainder when 2505 is divided by 179.
178
Calculate the remainder when 19 is divided by 5.
4
Calculate the remainder when 75 is divided by 18.
3
What is the remainder when 381 is divided by 57?
39
Calculate the remainder when 1765 is divided by 13.
10
Calculate the remainder when 2061 is divided by 1020.
21
Calculate the remainder when 188 is divided by 89.
10
Calculate the remainder when 983 is divided by 168.
143
What is the remainder when 4741 is divided by 17?
15
What is the remainder when 184 is divided by 51?
31
Calculate the remainder when 1090 is divided by 18.
10
What is the remainder when 122 is divided by 43?
36
What is the remainder when 406 is divided by 68?
66
Calculate the remainder when 143 is divided by 76.
67
What is the remainder when 13 is divided by 6?
1
Calculate the remainder when 569 is divided by 57.
56
Calculate the remainder when 160 is divided by 38.
8
What is the remainder when 3688 is divided by 123?
121
Calculate the remainder when 174 is divided by 148.
26
What is the remainder when 388 is divided by 30?
28
Calculate the remainder when 6 is divided by 3.
0
Calculate the remainder when 1878 is divided by 1878.
0
Calculate the remainder when 1551 is divided by 111.
108
What is the remainder when 289 is divided by 50?
39
What is the remainder when 62 is divided by 18?
8
Calculate the remainder when 57 is divided by 3.
0
What is the remainder when 44 is divided by 12?
8
What is the remainder when 123 is divided by 56?
11
What is the remainder when 102 is divided by 3?
0
Calculate the remainder when 658 is divided by 33.
31
What is the remainder when 989 is divided by 33?
32
Calculate the remainder when 103 is divided by 26.
25
What is the remainder when 728 is divided by 16?
8
Calculate the remainder when 50 is divided by 27.
23
What is the remainder when 356 is divided by 15?
11
What is the remainder when 286 is divided by 110?
66
Calculate the remainder when 3917 is divided by 14.
11
Calculate the remainder when 579 is divided by 97.
94
Calculate the remainder when 198 is divided by 193.
5
Calculate the remainder when 234 is divided by 47.
46
Calculate the remainder when 148 is divided by 73.
2
What is the remainder when 13732 is divided by 18?
16
Calculate the remainder when 1553 is divided by 37.
36
What is the remainder when 68 is divided by 41?
27
Calculate the remainder when 625 is divided by 72.
49
Calculate the remainder when 270 is divided by 140.
130
Calculate the remainder when 162 is divided by 41.
39
Calculate the remainder when 203 is divided by 105.
98
Calculate the remainder when 988 is divided by 143.
130
Calculate the remainder when 3690 is divided by 56.
50
What is the remainder when 1712 is divided by 134?
104
What is the remainder when 2115 is divided by 35?
15
What is the remainder when 1091 is divided by 42?
41
Calculate the remainder when 4879 is divided by 245.
224
Calculate the remainder when 235 is divided by 20.
15
Calculate the remainder when 1220 is divided by 47.
45
Calculate the remainder when 3849 is divided by 30.
9
What is the remainder when 19 is divided by 19?
0
What is the remainder when 56 is divided by 22?
12
What is the remainder when 55 is divided by 7?
6
Calculate the remainder when 7946 is divided by 75.
71
What is the remainder when 443 is divided by 134?
41
Calculate the remainder when 1653 is divided by 83.
76
Calculate the remainder when 757 is divided by 40.
37
What is the remainder when 155 is divided by 32?
27
Calculate the remainder when 7074 is divided by 84.
18
Calculate the remainder when 547 is divided by 104.
27
Calculate the remainder when 1683 is divided by 13.
6
What is the remainder when 1348 is divided by 46?
14
Calculate the remainder when 51 is divided by 19.
13
What is the remainder when 139 is divided by 18?
13
Calculate the remainder when 31706 is divided by 117.
116
Calculate the remainder when 988 is divided by 33.
31
Calculate the remainder when 63 is divided by 43.
20
Calculate the remainder when 437 is divided by 153.
131
Calculate the remainder when 357 is divided by 45.
42
What is the remainder when 1229 is divided by 95?
89
Calculate the remainder when 155